divided by 6.
0
Let d(f) = 4*f**2 - 9*f - 22. Let n be 4/(-2) - (-1 + -2). What is the remainder when 19/1 - -3*n is divided by d(4)?
4
Let d(n) = -2*n - 6. Let g be d(-3). Suppose 8725 = 5*l - 4*y, 3*y + 0*y - 15 = g. What is the remainder when l/39 + 4/26 is divided by 23?
22
Let k = -29 + 83. Suppose 0 = -2*h + 3*w - 11, -4*h - 14*w = -15*w + 37. Calculate the remainder when k is divided by 20/(-8)*116/h.
25
Let b = 154 - 91. What is the remainder when b is divided by 22?
19
Calculate the remainder when 58 is divided by (-33)/(-77) + (-134)/(-14).
8
Let z be (-21)/63 - 1/(-3). Suppose 6*m - 159 - 3 = z. What is the remainder when 103 is divided by m?
22
Suppose 0 = -9*i + 153 + 423. Calculate the remainder when 189 is divided by i.
61
Let y = -105 + 131. What is the remainder when 37 is divided by y?
11
Let m(p) = -p + 16. Let q be m(-12). Let a(v) = -v**2 + 9*v + 5. Let g be a(11). Let o = g + q. What is the remainder when 19 is divided by o?
8
Suppose -23*c + 5*c = -648. Let j(i) = i**2 - 7*i - 2. Let g be j(8). Calculate the remainder when 4/(-6) + 862/g is divided by c.
35
Suppose 2*o - 93 = -77. Suppose 8*s - 88 = 4*s. Calculate the remainder when s is divided by o.
6
Let o(l) = l**3 - 8*l**2 + 3*l - 2. Let q be o(8). Let m(s) = -s**2 + 3*s - 8. Let u be m(5). Let c = u + q. Calculate the remainder when 9 is divided by c.
1
Let j = -15 - -21. Suppose -4*h = -h. Suppose h*o + 4 = o. Calculate the remainder when j is divided by o.
2
Let s(v) = v**2 + 11*v + 4. Let l be s(-11). Suppose -l*a + 4*u + 84 = 0, -a + 9 = -5*u - 24. Let q = 23 - a. Calculate the remainder when 19 is divided by q.
4
Let t = 14 - 14. Let m(g) = -g + 188. Let u be m(t). Suppose -3*s = -u + 41. Calculate the remainder when s is divided by 13.
10
Let m = -257 + 382. What is the remainder when m is divided by 64?
61
Calculate the remainder when 26/(-13)*2/(-4)*103 is divided by 21.
19
Let b(t) = 10*t**2 + 18*t + 18. Calculate the remainder when 16 is divided by b(-1).
6
Let o be (15 - 10) + (-1)/(-1). Calculate the remainder when 13 is divided by o/5*(-180)/(-27).
5
Suppose -35 = -5*k + 2*q, -33 = -2*k - 0*q - 3*q. Let y be 45/25 - 1/(-5). Suppose 16 = 3*c - y*c. What is the remainder when c is divided by k?
7
Suppose -2*q + 42 - 150 = 0. Let f be (-4)/26 - q/13. Calculate the remainder when (66 - -4) + f + -5 is divided by 19.
12
Let m(w) = 4*w**2 - 6*w - 19. What is the remainder when m(-5) is divided by 29?
24
Let u(m) = -m**3 - 11*m**2 - 33*m - 32. Let g(d) = -13*d**2 + 2*d + 1. Let c be g(-1). What is the remainder when (-52)/(-14) - 4/c is divided by u(-7)?
1
Let t be (4 + (-196)/10)/(4/20). Calculate the remainder when 46 is divided by (-4)/(5 - -19)*t.
7
Let k = -6 + 11. Suppose 3*m = -k*w + 112, 3*w - 6 = 9. Calculate the remainder when m is divided by 10.
9
Let y(p) = -p**3 - 2*p**2 - 4*p - 3. Calculate the remainder when (-1)/(-6) + 4250/60 is divided by y(-3).
17
Let k = 127 - 104. Calculate the remainder when k is divided by 7.
2
Let s = 20 + -11. Let z(g) = 0*g + 0*g + 1 + s + 8*g + 2*g**2. What is the remainder when 79 is divided by z(-5)?
19
Suppose 7*w = 3*g + 2*w - 11, 7 = 2*g - 3*w. Let r be (-4)/3 - (-1)/3. What is the remainder when (r - (-10 - g))/1 is divided by 3?
2
Let x(f) = -f - 12. Let z be x(-14). Suppose z*t = 8*t - 42. Suppose n - 10 = -4*n. Calculate the remainder when t is divided by n.
1
Let n be 5/(15/2)*(-43 - -4). Let t be (-2)/(-2) - (1 + -117). What is the remainder when n/t - (-418)/18 is divided by 9?
5
Suppose 5 = -2*h + 9. Let a = h + 7. Suppose -q - 2*q = -3*x + a, -5*x + 4*q + 20 = 0. Calculate the remainder when 14 is divided by x.
6
Suppose -5*q + 5*l = 2*l - 6, -2 = -2*q + l. Suppose 0 = 3*w - w - 44. Let z = w - q. Calculate the remainder when 86 is divided by z.
20
Let g(l) = -2*l - 11. Let i(w) = 2*w + 2. Let h(o) = 2*o + 7. Let p be h(-6). Let j be i(p). What is the remainder when 22 is divided by g(j)?
2
Suppose 3*t + t - 16 = 0. Suppose 60*m + 117 = 367 + 890. What is the remainder when m is divided by t?
3
Let j(b) = 34*b + 1. Let p be 2*(2 + 0)/(-4). Let t be j(p). What is the remainder when 25 is divided by 6/15 - t/5?
4
Suppose 2346 = -6*q + 2514. Suppose -81 = -5*g + 4*g. What is the remainder when g is divided by q?
25
What is the remainder when ((-7 - -8) + 2/(-6))*45 is divided by 10?
0
Let b = -7 + 19. Let k(u) = u**2 + 2*u + 3. Let j be k(-4). Let t = b - j. What is the remainder when 3 is divided by t?
0
Let n(s) be the first derivative of -128*s**2 + 4*s + 3. Let y be n(-2). Suppose -7*p = -p - y. Calculate the remainder when p is divided by 22.
20
Suppose 8*o - 4*o - 18 = p, 4*o = 4*p + 24. Let r be (o/3)/((-6)/36). What is the remainder when 33 is divided by 4/(r/(-3))*6?
6
Let r(n) = -3*n + 24. Let s(f) = 4*f - 31. Calculate the remainder when r(-24) is divided by s(14).
21
Let f(h) = -h**3 - 6*h**2 - 4*h + 2. Suppose 2*o - 81 = -7*o. Suppose -3*m = g - 310, o*m - 4*m = 5*g + 510. Calculate the remainder when m is divided by f(-6).
25
Let h(g) = -7*g**2 + 2*g + 2. Let t = -6 - -8. Let b be h(t). Let y = -10 - b. What is the remainder when y is divided by 5?
2
Let i = -5 + 13. Let w(t) = -t**3 - 7*t**2 + 6. Suppose z + 2*z + 5*f = -16, -5*z - 2*f - 33 = 0. Calculate the remainder when i is divided by w(z).
2
Suppose 0 = 3*f - a - 0 + 4, -16 = -3*f - 4*a. Suppose 4*c - 19 - 13 = f. Let v(j) = 30*j**2 + j + 1. Calculate the remainder when v(-1) is divided by c.
6
Let z(n) = -n**3 + 4*n**2 + 16*n + 4. Let x be z(4). Suppose 0 = 14*h - x - 310. Calculate the remainder when 160 is divided by h.
25
Suppose 3*r = 5*d - 39 + 10, 0 = 4*d - 3*r - 25. What is the remainder when 158 is divided by 66/d + (-15)/30?
14
Let w = -327 - -513. What is the remainder when w is divided by 96?
90
Let r(m) = -9*m + 21. Let h be r(2). Let g(i) = -i**3 + i**2 + 2*i. Let y be g(2). Suppose h*o - 6 = -y. What is the remainder when 2 is divided by o?
0
Let u = 1062 + -946. What is the remainder when u is divided by 33?
17
What is the remainder when 304 is divided by 4*6/(-4) + 34?
24
Let x(n) = 7*n - 8. Let i(k) = -8*k + 9. Let s(z) = -5*i(z) - 6*x(z). Let v be s(11). Let l = 41 + v. Calculate the remainder when 43 is divided by l.
21
Let n(h) = h**2 + h + 7. What is the remainder when 391 is divided by n(6)?
48
Let c(v) = v**3 - 21*v**2 + 2*v + 5. What is the remainder when 310 is divided by c(21)?
28
Suppose 51*n - 53*n = -26. What is the remainder when 566 is divided by n?
7
Suppose -104 = -2*c - 504. Let a = c - -361. Calculate the remainder when a is divided by 41.
38
Let d be (1/3)/(2/12). Let y(j) = -7*j**2 + 1 + 21*j**2 + 22*j**d + 5*j**2. What is the remainder when y(1) is divided by 15?
12
Let c = 17 + -4. Let w = c - 10. Suppose w*p + 5*q - 95 + 21 = 0, 3*q - 12 = 0. Calculate the remainder when 68 is divided by p.
14
Suppose -v + 4*v - 177 = 0. Let a = 3 - 3. Suppose a = 2*z - 15 - 15. What is the remainder when v is divided by z?
14
Let n(a) be the first derivative of -1 + a + 0*a + a - a + 20*a**2. Calculate the remainder when n(1) is divided by 11.
8
Suppose -3*q + 31 - 19 = 0. What is the remainder when 63 is divided by (-8)/(-4) + q + 7?
11
Let b(m) = -2*m**2 - 7*m + 37. Let c(n) = -3*n**2 - 11*n + 56. Let u(k) = 7*b(k) - 5*c(k). Calculate the remainder when 9 is divided by u(-9).
3
Let f(x) = -x**3 + 25*x**2 + 29*x - 65. Suppose 5*r - q = -4*q + 10, -4*r + 5 = 3*q. What is the remainder when f(26) is divided by r?
3
Let y(f) = f**3 + 3*f**2 - 6*f - 5. Let o(w) = -w**3 - 17*w**2 - 20*w - 63. What is the remainder when y(-4) is divided by o(-16)?
0
Let y(g) = 9*g - 14 - 7*g + 10*g + g. Calculate the remainder when y(13) is divided by 52.
51
Let r = 929 + -919. What is the remainder when 188 is divided by r?
8
Suppose -q = -2*q. Suppose l + 18 - 109 = q. Let w(k) = 24*k - 1. What is the remainder when l is divided by w(1)?
22
Let x be 4*(-1 + (-2)/(-8)). Let d(n) = 3*n**2 + 2. Let l(t) = -t**2. Let q(f) = d(f) + 2*l(f). Calculate the remainder when q(x) is divided by 4.
3
Let w = -151 - -164. Calculate the remainder when 90 is divided by w.
12
Let y = -1217 - -1225. What is the remainder when 157 is divided by y?
5
Suppose 5*x = -2*l, l - 5*x = 4*l + 5. Let m(o) = -o**3 - 5*o**2 - 2*o - 5. What is the remainde